n factor of x and a.
14
Suppose 0 = 2*o - 4*b - 130, -o - 4*b + 14 = -75. Calculate the greatest common divisor of o and 219.
73
Let y be ((-205)/(-3))/(((-253)/(-33))/23). What is the greatest common divisor of 123 and y?
41
Let v be (22/4)/((-2)/(-28)). Let z be 14 + -1 + -22 + 20. Calculate the greatest common factor of v and z.
11
Suppose -3*x + 44 = t, -5*t + 169 = 2*x - 4*x. Let r = t + -19. Suppose -4*b + 3*j = -47, 15 = -b - 5*j - 2. Calculate the greatest common factor of r and b.
8
Suppose -9*o + 2184 = -23*o. Let g = o + 181. What is the highest common factor of g and 275?
25
Suppose -456 = -4*p - 2*t, -3*p + p + 3*t + 212 = 0. Let l be 33/2 - 2/4. What is the greatest common divisor of p and l?
16
Let y = 311 + -295. Calculate the highest common divisor of y and 8.
8
Let b(y) = y**2 - 8*y + 5. Let z be b(7). Let l(k) = 3*k. Let i be l(z). Let q = 24 - i. Calculate the greatest common factor of q and 6.
6
Let s be ((-30)/(-12))/(1/314) + -5. What is the highest common factor of 13 and s?
13
Let n = -6 - -2. Suppose 3*r - 12 - 4 = -5*u, 3*u = -12. Let h be (r/(-7))/(n/14). What is the greatest common divisor of 1 and h?
1
Suppose -41 + 29 = 6*h. Let d be -1 + -2 - (-91 + h). Calculate the highest common factor of d and 36.
18
Let k = -1032 - -1042. Calculate the highest common factor of k and 730.
10
Let d = 158 + -136. Calculate the highest common divisor of 99 and d.
11
Let n = -7 - -11. Suppose -5*m - n*r = -100, m + 4*r = 2*m + 4. Calculate the highest common factor of 24 and m.
8
Suppose 23*j + 77 = 30*j. Calculate the highest common divisor of j and 55.
11
Let w(z) = 7*z + 48. Let i be w(1). Let k = -1 + 6. Calculate the highest common factor of i and k.
5
Suppose 0 = 5*w - 4*w - 144. What is the highest common factor of 6 and w?
6
Suppose 4*c - 515 = -91. Suppose 2*o + 2*w = c + 256, -4*o + 3*w = -731. What is the greatest common divisor of o and 26?
26
Let k = 3948 - 3873. Let a be (1 - 1)*2/4. Let h(r) = -r**2 - r + 30. Let q be h(a). What is the highest common factor of k and q?
15
Let z(f) = -f**3 + 17*f**2 + f - 2. Let d be z(17). Let g be (-1926)/(-15) + (0 - 6/d). Calculate the greatest common divisor of 16 and g.
16
Let h(k) = -5*k**2 + k + k**3 + k**2 + 2 - 3 + 3*k**2. Let f be h(1). Suppose f = -10*b + 8*b + 18. Calculate the highest common divisor of b and 99.
9
Let g(p) = p + 4. Let b be g(-10). Let x(y) = -5*y - 15. Let w be x(b). Calculate the highest common divisor of w and 60.
15
Let g(f) = -f - 6. Let u be g(-9). Suppose u + 1 = 4*x. Let p = 4 + x. Calculate the highest common divisor of p and 5.
5
Let n = 211 + -193. Suppose -4*s + b + 3 = -0, 0 = 4*s - 2*b - 2. Let z = 3 - s. Calculate the greatest common factor of z and n.
2
Suppose 5*y - 5*u + 85 = 0, y + 4*u + 28 = -y. Let i = 8 - y. What is the greatest common divisor of i and 48?
24
Suppose 0 = 5*s - 10, -3*s - 2*s = 5*q - 160. What is the greatest common divisor of q and 294?
6
Let o(r) = 5*r**2 - 4*r**2 + 2*r - 1 + r. Let z be o(5). Let x = z + -31. What is the greatest common factor of x and 2?
2
Let b = 937 - 931. What is the highest common divisor of b and 4?
2
Suppose -n - 228 = 2*c - 4*c, 2*n = c - 111. Let z = c - 43. What is the highest common divisor of 8 and z?
8
Let t = 109 + 43. Calculate the greatest common factor of t and 8.
8
Let o(m) = m**2 + 32*m + 288. Let u be o(-26). Calculate the greatest common factor of u and 24.
12
Let o be ((-238)/6)/(14/(-42)). What is the highest common divisor of o and 51?
17
Let m = -580 + 673. What is the greatest common factor of m and 6?
3
Let a(q) = -q**2 - 9*q - 9. Suppose -2*r = -6*r - 20. Let s be a(r). What is the greatest common divisor of s and 33?
11
Let n = 906 - 565. Calculate the highest common divisor of 22 and n.
11
Suppose 4*n + 8 = 28. Suppose 248 = n*s - 0*d - 4*d, 4*s = -2*d + 188. Let h = 255 - 249. What is the highest common factor of h and s?
6
Let h = 145 - 35. What is the highest common factor of h and 50?
10
Let t be 14 - (-4 - 0/(-9)). Calculate the highest common divisor of 1602 and t.
18
Let p be -1 + (1 - 4) + 2. Let q(k) = -6*k + k - 6 + 8. Let l be q(p). Calculate the highest common divisor of l and 36.
12
Suppose 2*f = 6*f + 4. Let s = f + 3. Suppose -80 = -3*u - s*u. What is the greatest common factor of u and 2?
2
Suppose -55 = -6*m + 131. Let b = m + 1. Suppose 0 = -4*u + 12, -17 = h - u - 238. What is the greatest common factor of h and b?
32
Let o be (-2 + 902/(-4))*-2. Calculate the greatest common factor of o and 65.
65
Let i be (-4 + 6 - 5)*98/(-21). Let h(q) = -14*q + 2 + q**2 + 0*q**2 + 2. Let o be h(i). Calculate the highest common divisor of 28 and o.
4
Let k be 2569/7 + 12/(-6). What is the highest common factor of 73 and k?
73
Let x(s) = -s**3 - s**3 + 3*s**2 - s + 4*s**2 - 6 + 3*s**3. Let u be x(-7). Let r be 66 - (2 - 5)*u. Calculate the greatest common divisor of 46 and r.
23
Suppose i - 24*i = -575. Let r = 343 - 143. What is the highest common divisor of i and r?
25
Let c = 234 - 153. What is the highest common divisor of 135 and c?
27
Let t(n) = -6*n + 6. Let g be t(-4). Suppose -2*k + 3*u + 135 = 0, -k - 175 = -3*k - 5*u. What is the highest common factor of g and k?
15
Let d be (-9425)/(-78) + (33/(-18) - -2). What is the highest common factor of 55 and d?
11
Suppose -5*d = t + 23, -4*d - 5 = 4*t + 7. Suppose -13 = -t*z + 1. Calculate the highest common divisor of 21 and z.
7
Suppose 0 = -8*v + 26*v - 990. What is the highest common factor of v and 66?
11
Let k = 1096 - 884. Calculate the greatest common factor of 477 and k.
53
Let y = -12 + 17. Suppose y = u - 5*p, 5*u - 2*p = 39 + 9. Let z = u + -7. Calculate the highest common divisor of 9 and z.
3
Suppose -4*l + 64 = 4*c, -5*c - 21 = -4*l + 16. Suppose 5*w = 3*t + 183, -5*w - t + 207 = 2*t. Calculate the greatest common divisor of l and w.
13
Let x = 229 - 205. Let d(q) = q**3 - q**2 - 3*q - 3. Let l be d(3). Calculate the greatest common divisor of x and l.
6
Let p = -1559 + 2175. Calculate the highest common divisor of p and 56.
56
Let f = 458 + -436. What is the greatest common divisor of f and 8?
2
Let p(v) = -v + 15. Let y be p(11). Suppose 76 + 0 = y*h + 3*l, -2*h - 3*l = -44. Calculate the greatest common factor of 16 and h.
16
Let k(g) = -32*g - 29. Let j be k(-7). Calculate the greatest common factor of 135 and j.
15
Let w = -573 - -613. What is the greatest common divisor of 60 and w?
20
Let y be 2/(-3)*(-1350)/100. Calculate the greatest common divisor of 909 and y.
9
Let j(d) = -d**3 - 6*d**2 + 7*d - 3. Let r be j(-7). Let w be (-3)/(-9) + 1/r. Suppose w = 4*f - 9 + 1. Calculate the highest common divisor of 18 and f.
2
Suppose 4*r + 4*t = 16, -2*r + 2*t = -2 - 2. Let p be -1*((-1)/(-1))/r*-3. What is the highest common divisor of 4 and p?
1
Let d(k) = k**2 - 2*k + 22. Let f(a) = a**2 + a. Let o(b) = -d(b) + 2*f(b). Let u be o(5). What is the highest common divisor of u and 46?
23
Suppose 69 = z + 10. Calculate the highest common divisor of 59 and z.
59
Let k = 151 + -31. Calculate the greatest common divisor of k and 30.
30
Let o(j) = j - 3. Let r be o(0). Let y be r*5/15*-26. What is the greatest common factor of 234 and y?
26
Let f(v) = 19*v - 3. Let m be f(6). Suppose 5*w - 5*l - 97 = 2*w, -4*w + 3*l + m = 0. Calculate the greatest common factor of 36 and w.
12
Let s(z) = 21*z - 1. Let f be s(1). Let g = 45 - f. Calculate the greatest common factor of 175 and g.
25
Suppose 20 = 5*v - g, -7*g + 5*g + 15 = v. Suppose -4*p = 8, v*o - 3*p - 116 = 70. Let h = 8 + -4. What is the highest common divisor of h and o?
4
Suppose 4*w + 2*s = -2, -2*w + 4*s - 2 + 6 = 0. Let k(a) = -a**3 + 8. Let h be k(w). Suppose -4*m + 52 + h = 0. What is the highest common factor of m and 10?
5
Let n be 756 + (-23 - -19 - 2*1). What is the greatest common factor of n and 6?
6
Suppose 6 = 5*j - 9. Suppose -j*z + 2 = -4. What is the highest common factor of 1 and z?
1
Suppose -5*c + 845 = 3*b - 0*c, 18*b - 4946 = c. Calculate the highest common divisor of 175 and b.
25
Suppose 26*r + 2493 - 6679 = 0. What is the highest common divisor of 46 and r?
23
Let v(j) = -9*j + 1. Let l be v(-5). Calculate the highest common factor of l and 299.
23
Let n be 130 + 2 - (1 + 0). Suppose j - 8*x + 3*x = 103, n = j + 2*x.